{"id":393,"date":"2018-03-20T11:14:32","date_gmt":"2018-03-20T10:14:32","guid":{"rendered":"http:\/\/www.vorticerosa.com\/?page_id=393"},"modified":"2019-07-04T19:24:18","modified_gmt":"2019-07-04T17:24:18","slug":"alzheimer","status":"publish","type":"page","link":"https:\/\/www.vorticerosa.com\/?page_id=393","title":{"rendered":"&#8220;Alzheimer &#8211; Storie a casaccio&#8221;  {Graphic Novel} &#8211;  ed. It Comics"},"content":{"rendered":"\n<figure class=\"wp-block-embed-issuu wp-block-embed is-type-rich is-provider-issuu\"><div class=\"wp-block-embed__wrapper\">\n<div data-url=\"https:\/\/issuu.com\/vorticerosa\/docs\/alzheimer-issue\" style=\"width: 525px; height: 263px;\" class=\"issuuembed\"><\/div><script type=\"text\/javascript\" src=\"\/\/e.issuu.com\/embed.js\" async=\"true\"><\/script>\n<\/div><figcaption>preview<\/figcaption><\/figure>\n\n\n\n<p>Alzheimer \u2013 Storie a casaccio\u201d, illustrate e raccontate da Vorticerosa. \u201cMi ricordo, o non mi ricordo\u2026 so che sono qui, vedo le mie mani e il mio viso, vedo che \u00e8 sempre lo stesso. S\u00ec, \u00e8 proprio il mio viso.\u201d Un Vortice, appunto, di parole e immagini, di ricordi a volte sbiaditi che rimandano l\u2019eco di una vita vissuta tra le antiche pareti di casa. Formato: 20&#215;20 cm <\/p>\n\n\n\n<p>48 pagine a colori <\/p>\n\n\n\n<p>10 \u20ac\u00a0<\/p>\n\n\n\n<ul class=\"wp-block-gallery columns-3 is-cropped\"><li class=\"blocks-gallery-item\"><figure><img loading=\"lazy\" width=\"1024\" height=\"1024\" src=\"https:\/\/www.vorticerosa.com\/wp-content\/uploads\/2019\/07\/Alzheimer-internoL-1024x1024.jpg\" alt=\"\" data-id=\"480\" data-link=\"https:\/\/www.vorticerosa.com\/?attachment_id=480\" class=\"wp-image-480\" srcset=\"https:\/\/www.vorticerosa.com\/wp-content\/uploads\/2019\/07\/Alzheimer-internoL-1024x1024.jpg 1024w, https:\/\/www.vorticerosa.com\/wp-content\/uploads\/2019\/07\/Alzheimer-internoL-150x150.jpg 150w, https:\/\/www.vorticerosa.com\/wp-content\/uploads\/2019\/07\/Alzheimer-internoL-300x300.jpg 300w, https:\/\/www.vorticerosa.com\/wp-content\/uploads\/2019\/07\/Alzheimer-internoL-768x768.jpg 768w, https:\/\/www.vorticerosa.com\/wp-content\/uploads\/2019\/07\/Alzheimer-internoL-100x100.jpg 100w, https:\/\/www.vorticerosa.com\/wp-content\/uploads\/2019\/07\/Alzheimer-internoL.jpg 1240w\" sizes=\"(max-width: 767px) 89vw, (max-width: 1000px) 54vw, (max-width: 1071px) 543px, 580px\" \/><\/figure><\/li><li class=\"blocks-gallery-item\"><figure><img loading=\"lazy\" width=\"1024\" height=\"1024\" src=\"https:\/\/www.vorticerosa.com\/wp-content\/uploads\/2019\/07\/Alzheimer-internoL3-1024x1024.jpg\" alt=\"\" data-id=\"482\" data-link=\"https:\/\/www.vorticerosa.com\/?attachment_id=482\" class=\"wp-image-482\" srcset=\"https:\/\/www.vorticerosa.com\/wp-content\/uploads\/2019\/07\/Alzheimer-internoL3-1024x1024.jpg 1024w, https:\/\/www.vorticerosa.com\/wp-content\/uploads\/2019\/07\/Alzheimer-internoL3-150x150.jpg 150w, https:\/\/www.vorticerosa.com\/wp-content\/uploads\/2019\/07\/Alzheimer-internoL3-300x300.jpg 300w, https:\/\/www.vorticerosa.com\/wp-content\/uploads\/2019\/07\/Alzheimer-internoL3-768x768.jpg 768w, https:\/\/www.vorticerosa.com\/wp-content\/uploads\/2019\/07\/Alzheimer-internoL3-100x100.jpg 100w, https:\/\/www.vorticerosa.com\/wp-content\/uploads\/2019\/07\/Alzheimer-internoL3.jpg 1240w\" sizes=\"(max-width: 767px) 89vw, (max-width: 1000px) 54vw, (max-width: 1071px) 543px, 580px\" \/><\/figure><\/li><li class=\"blocks-gallery-item\"><figure><img loading=\"lazy\" width=\"1024\" height=\"1024\" src=\"https:\/\/www.vorticerosa.com\/wp-content\/uploads\/2019\/07\/Alzheimer-internoL5-1024x1024.jpg\" alt=\"\" data-id=\"484\" data-link=\"https:\/\/www.vorticerosa.com\/?attachment_id=484\" class=\"wp-image-484\" srcset=\"https:\/\/www.vorticerosa.com\/wp-content\/uploads\/2019\/07\/Alzheimer-internoL5-1024x1024.jpg 1024w, https:\/\/www.vorticerosa.com\/wp-content\/uploads\/2019\/07\/Alzheimer-internoL5-150x150.jpg 150w, https:\/\/www.vorticerosa.com\/wp-content\/uploads\/2019\/07\/Alzheimer-internoL5-300x300.jpg 300w, https:\/\/www.vorticerosa.com\/wp-content\/uploads\/2019\/07\/Alzheimer-internoL5-768x768.jpg 768w, https:\/\/www.vorticerosa.com\/wp-content\/uploads\/2019\/07\/Alzheimer-internoL5-100x100.jpg 100w, https:\/\/www.vorticerosa.com\/wp-content\/uploads\/2019\/07\/Alzheimer-internoL5.jpg 1240w\" sizes=\"(max-width: 767px) 89vw, (max-width: 1000px) 54vw, (max-width: 1071px) 543px, 580px\" \/><\/figure><\/li><li class=\"blocks-gallery-item\"><figure><img loading=\"lazy\" width=\"1024\" height=\"1024\" src=\"https:\/\/www.vorticerosa.com\/wp-content\/uploads\/2019\/07\/Alzheimer-internoL6-1024x1024.jpg\" alt=\"\" data-id=\"485\" data-link=\"https:\/\/www.vorticerosa.com\/?attachment_id=485\" class=\"wp-image-485\" srcset=\"https:\/\/www.vorticerosa.com\/wp-content\/uploads\/2019\/07\/Alzheimer-internoL6-1024x1024.jpg 1024w, https:\/\/www.vorticerosa.com\/wp-content\/uploads\/2019\/07\/Alzheimer-internoL6-150x150.jpg 150w, https:\/\/www.vorticerosa.com\/wp-content\/uploads\/2019\/07\/Alzheimer-internoL6-300x300.jpg 300w, https:\/\/www.vorticerosa.com\/wp-content\/uploads\/2019\/07\/Alzheimer-internoL6-768x768.jpg 768w, https:\/\/www.vorticerosa.com\/wp-content\/uploads\/2019\/07\/Alzheimer-internoL6-100x100.jpg 100w, https:\/\/www.vorticerosa.com\/wp-content\/uploads\/2019\/07\/Alzheimer-internoL6.jpg 1240w\" sizes=\"(max-width: 767px) 89vw, (max-width: 1000px) 54vw, (max-width: 1071px) 543px, 580px\" \/><\/figure><\/li><li class=\"blocks-gallery-item\"><figure><img loading=\"lazy\" width=\"1024\" height=\"1024\" src=\"https:\/\/www.vorticerosa.com\/wp-content\/uploads\/2019\/07\/Alzheimer-internoL7-1024x1024.jpg\" alt=\"\" data-id=\"486\" data-link=\"https:\/\/www.vorticerosa.com\/?attachment_id=486\" class=\"wp-image-486\" srcset=\"https:\/\/www.vorticerosa.com\/wp-content\/uploads\/2019\/07\/Alzheimer-internoL7-1024x1024.jpg 1024w, https:\/\/www.vorticerosa.com\/wp-content\/uploads\/2019\/07\/Alzheimer-internoL7-150x150.jpg 150w, https:\/\/www.vorticerosa.com\/wp-content\/uploads\/2019\/07\/Alzheimer-internoL7-300x300.jpg 300w, https:\/\/www.vorticerosa.com\/wp-content\/uploads\/2019\/07\/Alzheimer-internoL7-768x768.jpg 768w, https:\/\/www.vorticerosa.com\/wp-content\/uploads\/2019\/07\/Alzheimer-internoL7-100x100.jpg 100w, https:\/\/www.vorticerosa.com\/wp-content\/uploads\/2019\/07\/Alzheimer-internoL7.jpg 1240w\" sizes=\"(max-width: 767px) 89vw, (max-width: 1000px) 54vw, (max-width: 1071px) 543px, 580px\" \/><\/figure><\/li><li class=\"blocks-gallery-item\"><figure><img loading=\"lazy\" width=\"1024\" height=\"1024\" src=\"https:\/\/www.vorticerosa.com\/wp-content\/uploads\/2019\/07\/Alzheimer-internoL8-1024x1024.jpg\" alt=\"\" data-id=\"487\" data-link=\"https:\/\/www.vorticerosa.com\/?attachment_id=487\" class=\"wp-image-487\" srcset=\"https:\/\/www.vorticerosa.com\/wp-content\/uploads\/2019\/07\/Alzheimer-internoL8-1024x1024.jpg 1024w, https:\/\/www.vorticerosa.com\/wp-content\/uploads\/2019\/07\/Alzheimer-internoL8-150x150.jpg 150w, https:\/\/www.vorticerosa.com\/wp-content\/uploads\/2019\/07\/Alzheimer-internoL8-300x300.jpg 300w, https:\/\/www.vorticerosa.com\/wp-content\/uploads\/2019\/07\/Alzheimer-internoL8-768x768.jpg 768w, https:\/\/www.vorticerosa.com\/wp-content\/uploads\/2019\/07\/Alzheimer-internoL8-100x100.jpg 100w, https:\/\/www.vorticerosa.com\/wp-content\/uploads\/2019\/07\/Alzheimer-internoL8.jpg 1240w\" sizes=\"(max-width: 767px) 89vw, (max-width: 1000px) 54vw, (max-width: 1071px) 543px, 580px\" \/><\/figure><\/li><\/ul>\n","protected":false},"excerpt":{"rendered":"<p>Alzheimer \u2013 Storie a casaccio\u201d, illustrate e raccontate da Vorticerosa. \u201cMi ricordo, o non mi ricordo\u2026 so che sono qui, vedo le mie mani e il mio viso, vedo che \u00e8 sempre lo stesso. S\u00ec, \u00e8 proprio il mio viso.\u201d Un Vortice, appunto, di parole e immagini, di ricordi a volte sbiaditi che rimandano l\u2019eco &hellip; <\/p>\n<p class=\"link-more\"><a href=\"https:\/\/www.vorticerosa.com\/?page_id=393\" class=\"more-link\">Leggi tutto<span class=\"screen-reader-text\"> &#8220;&#8220;Alzheimer &#8211; Storie a casaccio&#8221;  {Graphic Novel} &#8211;  ed. It Comics&#8221;<\/span><\/a><\/p>\n","protected":false},"author":1,"featured_media":400,"parent":0,"menu_order":0,"comment_status":"closed","ping_status":"closed","template":"","meta":[],"_links":{"self":[{"href":"https:\/\/www.vorticerosa.com\/index.php?rest_route=\/wp\/v2\/pages\/393"}],"collection":[{"href":"https:\/\/www.vorticerosa.com\/index.php?rest_route=\/wp\/v2\/pages"}],"about":[{"href":"https:\/\/www.vorticerosa.com\/index.php?rest_route=\/wp\/v2\/types\/page"}],"author":[{"embeddable":true,"href":"https:\/\/www.vorticerosa.com\/index.php?rest_route=\/wp\/v2\/users\/1"}],"replies":[{"embeddable":true,"href":"https:\/\/www.vorticerosa.com\/index.php?rest_route=%2Fwp%2Fv2%2Fcomments&post=393"}],"version-history":[{"count":5,"href":"https:\/\/www.vorticerosa.com\/index.php?rest_route=\/wp\/v2\/pages\/393\/revisions"}],"predecessor-version":[{"id":490,"href":"https:\/\/www.vorticerosa.com\/index.php?rest_route=\/wp\/v2\/pages\/393\/revisions\/490"}],"wp:featuredmedia":[{"embeddable":true,"href":"https:\/\/www.vorticerosa.com\/index.php?rest_route=\/wp\/v2\/media\/400"}],"wp:attachment":[{"href":"https:\/\/www.vorticerosa.com\/index.php?rest_route=%2Fwp%2Fv2%2Fmedia&parent=393"}],"curies":[{"name":"wp","href":"https:\/\/api.w.org\/{rel}","templated":true}]}}

<figure class="wp-block-embed-issuu wp-block-embed is-type-rich is-provider-issuu"><div class="wp-block-embed__wrapper">
<div data-url="https://issuu.com/vorticerosa/docs/alzheimer-issue" style="width: 525px; height: 263px;" class="issuuembed"></div><script type="text/javascript" src="//e.issuu.com/embed.js" async="true"></script>
</div><figcaption>preview</figcaption></figure>



<p>Alzheimer – Storie a casaccio”, illustrate e raccontate da Vorticerosa. “Mi ricordo, o non mi ricordo… so che sono qui, vedo le mie mani e il mio viso, vedo che è sempre lo stesso. Sì, è proprio il mio viso.” Un Vortice, appunto, di parole e immagini, di ricordi a volte sbiaditi che rimandano l’eco di una vita vissuta tra le antiche pareti di casa. Formato: 20&#215;20 cm </p>



<p>48 pagine a colori </p>



<p>10 € </p>



<ul class="wp-block-gallery columns-3 is-cropped"><li class="blocks-gallery-item"><figure><img loading="lazy" width="1024" height="1024" src="https://www.vorticerosa.com/wp-content/uploads/2019/07/Alzheimer-internoL-1024x1024.jpg" alt="" data-id="480" data-link="https://www.vorticerosa.com/?attachment_id=480" class="wp-image-480" srcset="https://www.vorticerosa.com/wp-content/uploads/2019/07/Alzheimer-internoL-1024x1024.jpg 1024w, https://www.vorticerosa.com/wp-content/uploads/2019/07/Alzheimer-internoL-150x150.jpg 150w, https://www.vorticerosa.com/wp-content/uploads/2019/07/Alzheimer-internoL-300x300.jpg 300w, https://www.vorticerosa.com/wp-content/uploads/2019/07/Alzheimer-internoL-768x768.jpg 768w, https://www.vorticerosa.com/wp-content/uploads/2019/07/Alzheimer-internoL-100x100.jpg 100w, https://www.vorticerosa.com/wp-content/uploads/2019/07/Alzheimer-internoL.jpg 1240w" sizes="(max-width: 767px) 89vw, (max-width: 1000px) 54vw, (max-width: 1071px) 543px, 580px" /></figure></li><li class="blocks-gallery-item"><figure><img loading="lazy" width="1024" height="1024" src="https://www.vorticerosa.com/wp-content/uploads/2019/07/Alzheimer-internoL3-1024x1024.jpg" alt="" data-id="482" data-link="https://www.vorticerosa.com/?attachment_id=482" class="wp-image-482" srcset="https://www.vorticerosa.com/wp-content/uploads/2019/07/Alzheimer-internoL3-1024x1024.jpg 1024w, https://www.vorticerosa.com/wp-content/uploads/2019/07/Alzheimer-internoL3-150x150.jpg 150w, https://www.vorticerosa.com/wp-content/uploads/2019/07/Alzheimer-internoL3-300x300.jpg 300w, https://www.vorticerosa.com/wp-content/uploads/2019/07/Alzheimer-internoL3-768x768.jpg 768w, https://www.vorticerosa.com/wp-content/uploads/2019/07/Alzheimer-internoL3-100x100.jpg 100w, https://www.vorticerosa.com/wp-content/uploads/2019/07/Alzheimer-internoL3.jpg 1240w" sizes="(max-width: 767px) 89vw, (max-width: 1000px) 54vw, (max-width: 1071px) 543px, 580px" /></figure></li><li class="blocks-gallery-item"><figure><img loading="lazy" width="1024" height="1024" src="https://www.vorticerosa.com/wp-content/uploads/2019/07/Alzheimer-internoL5-1024x1024.jpg" alt="" data-id="484" data-link="https://www.vorticerosa.com/?attachment_id=484" class="wp-image-484" srcset="https://www.vorticerosa.com/wp-content/uploads/2019/07/Alzheimer-internoL5-1024x1024.jpg 1024w, https://www.vorticerosa.com/wp-content/uploads/2019/07/Alzheimer-internoL5-150x150.jpg 150w, https://www.vorticerosa.com/wp-content/uploads/2019/07/Alzheimer-internoL5-300x300.jpg 300w, https://www.vorticerosa.com/wp-content/uploads/2019/07/Alzheimer-internoL5-768x768.jpg 768w, https://www.vorticerosa.com/wp-content/uploads/2019/07/Alzheimer-internoL5-100x100.jpg 100w, https://www.vorticerosa.com/wp-content/uploads/2019/07/Alzheimer-internoL5.jpg 1240w" sizes="(max-width: 767px) 89vw, (max-width: 1000px) 54vw, (max-width: 1071px) 543px, 580px" /></figure></li><li class="blocks-gallery-item"><figure><img loading="lazy" width="1024" height="1024" src="https://www.vorticerosa.com/wp-content/uploads/2019/07/Alzheimer-internoL6-1024x1024.jpg" alt="" data-id="485" data-link="https://www.vorticerosa.com/?attachment_id=485" class="wp-image-485" srcset="https://www.vorticerosa.com/wp-content/uploads/2019/07/Alzheimer-internoL6-1024x1024.jpg 1024w, https://www.vorticerosa.com/wp-content/uploads/2019/07/Alzheimer-internoL6-150x150.jpg 150w, https://www.vorticerosa.com/wp-content/uploads/2019/07/Alzheimer-internoL6-300x300.jpg 300w, https://www.vorticerosa.com/wp-content/uploads/2019/07/Alzheimer-internoL6-768x768.jpg 768w, https://www.vorticerosa.com/wp-content/uploads/2019/07/Alzheimer-internoL6-100x100.jpg 100w, https://www.vorticerosa.com/wp-content/uploads/2019/07/Alzheimer-internoL6.jpg 1240w" sizes="(max-width: 767px) 89vw, (max-width: 1000px) 54vw, (max-width: 1071px) 543px, 580px" /></figure></li><li class="blocks-gallery-item"><figure><img loading="lazy" width="1024" height="1024" src="https://www.vorticerosa.com/wp-content/uploads/2019/07/Alzheimer-internoL7-1024x1024.jpg" alt="" data-id="486" data-link="https://www.vorticerosa.com/?attachment_id=486" class="wp-image-486" srcset="https://www.vorticerosa.com/wp-content/uploads/2019/07/Alzheimer-internoL7-1024x1024.jpg 1024w, https://www.vorticerosa.com/wp-content/uploads/2019/07/Alzheimer-internoL7-150x150.jpg 150w, https://www.vorticerosa.com/wp-content/uploads/2019/07/Alzheimer-internoL7-300x300.jpg 300w, https://www.vorticerosa.com/wp-content/uploads/2019/07/Alzheimer-internoL7-768x768.jpg 768w, https://www.vorticerosa.com/wp-content/uploads/2019/07/Alzheimer-internoL7-100x100.jpg 100w, https://www.vorticerosa.com/wp-content/uploads/2019/07/Alzheimer-internoL7.jpg 1240w" sizes="(max-width: 767px) 89vw, (max-width: 1000px) 54vw, (max-width: 1071px) 543px, 580px" /></figure></li><li class="blocks-gallery-item"><figure><img loading="lazy" width="1024" height="1024" src="https://www.vorticerosa.com/wp-content/uploads/2019/07/Alzheimer-internoL8-1024x1024.jpg" alt="" data-id="487" data-link="https://www.vorticerosa.com/?attachment_id=487" class="wp-image-487" srcset="https://www.vorticerosa.com/wp-content/uploads/2019/07/Alzheimer-internoL8-1024x1024.jpg 1024w, https://www.vorticerosa.com/wp-content/uploads/2019/07/Alzheimer-internoL8-150x150.jpg 150w, https://www.vorticerosa.com/wp-content/uploads/2019/07/Alzheimer-internoL8-300x300.jpg 300w, https://www.vorticerosa.com/wp-content/uploads/2019/07/Alzheimer-internoL8-768x768.jpg 768w, https://www.vorticerosa.com/wp-content/uploads/2019/07/Alzheimer-internoL8-100x100.jpg 100w, https://www.vorticerosa.com/wp-content/uploads/2019/07/Alzheimer-internoL8.jpg 1240w" sizes="(max-width: 767px) 89vw, (max-width: 1000px) 54vw, (max-width: 1071px) 543px, 580px" /></figure></li></ul>

<p>Alzheimer – Storie a casaccio”, illustrate e raccontate da Vorticerosa. “Mi ricordo, o non mi ricordo… so che sono qui, vedo le mie mani e il mio viso, vedo che è sempre lo stesso. Sì, è proprio il mio viso.” Un Vortice, appunto, di parole e immagini, di ricordi a volte sbiaditi che rimandano l’eco &hellip; </p>
<p class="link-more"><a href="https://www.vorticerosa.com/?page_id=393" class="more-link">Leggi tutto<span class="screen-reader-text"> &#8220;&#8220;Alzheimer &#8211; Storie a casaccio&#8221;  {Graphic Novel} &#8211;  ed. It Comics&#8221;</span></a></p>
